{"id":158,"date":"2024-06-13T10:51:37","date_gmt":"2024-06-13T10:51:37","guid":{"rendered":"https:\/\/german-hostels.de\/?page_id=158"},"modified":"2024-06-13T12:03:03","modified_gmt":"2024-06-13T12:03:03","slug":"datenschutz","status":"publish","type":"page","link":"https:\/\/german-hostels.de\/?page_id=158","title":{"rendered":"Datenschutz"},"content":{"rendered":"\t\t<div data-elementor-type=\"wp-page\" data-elementor-id=\"158\" class=\"elementor elementor-158\">\n\t\t\t\t<div class=\"elementor-element elementor-element-75b6024 e-flex e-con-boxed e-con e-parent\" data-id=\"75b6024\" data-element_type=\"container\">\n\t\t\t\t\t<div class=\"e-con-inner\">\n\t\t\t\t<div class=\"elementor-element elementor-element-e97a233 elementor-widget elementor-widget-text-editor\" data-id=\"e97a233\" data-element_type=\"widget\" data-widget_type=\"text-editor.default\">\n\t\t\t\t<div class=\"elementor-widget-container\">\n\t\t\t\t\t\t\t\t\t<div id=\"ausgabeFenster\"><h1>Datenschutzhinweise gem\u00e4\u00df Art. 13 DSGVO<\/h1><h2>Verantwortliche Stelle<\/h2><p>Independent Hostels of Germany e.V.<br \/>B\u00fcro Leipzig, Postfach 50 02 04, <br \/>04302 Leipzig<\/p><p>Bei Fragen zum Datenschutz stehen wir Ihnen unter <a href=\"mailto:office@german-hostels.de\">office@german-hostels.de<\/a> oder unter der oben angegebenen postalischen Anschrift zur Verf\u00fcgung.<\/p><h2>Datenverarbeitung auf unserer Webseite und weiteren Online-Angeboten<\/h2><h3>Logfiles beim Aufruf unserer Webseite<\/h3><p>Bei Aufruf unserer Webseite werden zur Analyse von Fehlern und Sicherheitsvorf\u00e4llen Logfiles erstellt. Diese bleiben nur f\u00fcr einige Tage bis Wochen gespeichert und werden anschlie\u00dfend automatisch gel\u00f6scht.<\/p><p>F\u00fcr das Hosting unserer Webseite verwenden wir Schwarzk\u00fcnstler als externen Dienstleister. Die Speicherung der Logfiles erfolgt dort.<\/p><h2>Datenverarbeitung im Rahmen unserer Vereinsarbeit<\/h2><h3>Mitgliederverwaltung<\/h3><p>Mitgliedsdaten (Inhaber, Name und Anschrift des Hostels) werden von den jeweiligen Funktionstr\u00e4ger:innen unseres Vereins nur f\u00fcr die ihnen zugeordnete Aufgabenerf\u00fcllung verarbeitet. Im Einzelnen bedeutet dies:<\/p><ul><li>Wenn der <ins>Vorstand<\/ins> Mitgliedsdaten ben\u00f6tigt, um seine Aufgaben zu erledigen, darf er auf alle hierf\u00fcr erforderlichen Mitgliedsdaten zugreifen. Dazu geh\u00f6rt insbesondere die Rechnungserstellung.<\/li><li>Der\/die Kassenwart:in verarbeitet die Mitgliedsdaten, die f\u00fcr den Einzug der Mitgliedsbeitr\u00e4ge, der\/die <ins>Kassenpr\u00fcfer:in<\/ins> verarbeitet die Mitgliedsdaten, die f\u00fcr die Kassenpr\u00fcfung relevant sind. Dies sind Vorname, Nachname, postalische Anschrift und Bankverbindung mit Zahlungsdaten sowie ggf. Zugriff auf die Lastschriftsverfahrensgenehmigung inklusive Unterschrift, sofern das Mitglied dem Verein ein Lastschriftmandat erteilt hat.<\/li><li>Die <ins>Vereinsgesch\u00e4ftsstelle<\/ins> verarbeitet die Mitgliedsdaten zur Mitgliedsverwaltung und -betreuung.<\/li><\/ul><p>Zweck f\u00fcr die Verarbeitung der Mitgliedsdaten ist die Verfolgung des Vereinszwecks und die -verwaltung. Rechtsgrundlage ist die Vereinsmitgliedschaft (Artikel 6 Absatz 1 b) DSGVO).<\/p><p>Die aktuellen Mitgliedsdaten werden f\u00fcr die Dauer der Mitgliedschaft und dar\u00fcber hinaus f\u00fcr 10 Jahre gespeichert.<\/p><h3>Fotos bei Veranstaltungen<\/h3><p>Fotos \u00fcber unser Vereinsgeschehen werden zum Zweck der Au\u00dfendarstellung auf unserer Webseite ver\u00f6ffentlicht.<br \/>F\u00fcr die Ver\u00f6ffentlichung folgender Fotos von Erwachsenen auf unserer Webseite ist die Rechtsgrundlage das nachfolgend beschriebene berechtigte Interesse unseres Vereins nach Artikel 6 Absatz 1 Satz 1 f) DSGVO:<\/p><ul><li>Team-Fotos aufgrund unseres berechtigten Interesses, \u00fcber das Vereinsgeschehen (hier: die Team-Aufstellung) zu informieren,<\/li><li>Fotos mit Bezug zum Spielgeschehen bzw. der Veranstaltung aufgrund unseres berechtigten Interesses, \u00fcber das (sportliche) Geschehen zu berichten,<\/li><li>Fotos vom Publikum, das an der Veranstaltung teilgenommen hat oder Fotos, auf denen die Personen nur als Beiwerk erscheinen, aufgrund unseres berechtigten Interesses, \u00fcber die Veranstaltung und deren Erfolg zu berichten.<\/li><\/ul><p>Sie haben die M\u00f6glichkeit, der Verwendung eines solchen Fotos, auf dem Sie zu sehen sind, gem\u00e4\u00df Artikel 21 Absatz 1 DSGVO zu widersprechen. Der Verein wird pr\u00fcfen, ob es zwingende schutzw\u00fcrdige Gr\u00fcnde f\u00fcr die Verarbeitung gibt, die Ihre Interessen, Rechte und Freiheiten \u00fcberwiegen. Wenn nicht, wird das entsprechende Foto gel\u00f6scht.<\/p><p>Andere Fotos, auf denen eine erwachsene Person (Vereinsmitglied oder aus dem Publikum) im Mittelpunkt steht oder gezielt nur diese Person fotografiert wurde, ver\u00f6ffentlichen wir nur mit der Einwilligung dieser Person (Artikel 6 Absatz 1 Satz 1 a) DSGVO). Diese Einwilligung kann jederzeit f\u00fcr die Zukunft widerrufen werden.<\/p><h2>Betroffenenrechte<\/h2><p>Wenn wir personenbezogene Daten von Ihnen verarbeiten, haben Sie folgende Betroffenenrechte:<\/p><ul><li>ein Recht auf Auskunft \u00fcber die verarbeiteten Daten und auf Kopie,<\/li><li>ein Berichtigungsrecht, wenn wir falsche Daten \u00fcber Sie verarbeiten,<\/li><li>ein Recht auf L\u00f6schung, es sei denn, dass noch Ausnahmen greifen, warum wir die Daten noch speichern, also zum Beispiel Aufbewahrungspflichten oder Verj\u00e4hrungsfristen<\/li><li>ein Recht auf Einschr\u00e4nkung der Verarbeitung,<\/li><li>ein jederzeitiges Recht, Einwilligungen in die Datenverarbeitung zu widerrufen,<\/li><li>ein Widerspruchsrecht gegen eine Verarbeitung im \u00f6ffentlichen oder bei berechtigtem Interesse,<\/li><li>ein Recht auf Daten\u00fcbertragbarkeit,<\/li><li>ein Beschwerderecht bei einer Datenschutz-Aufsichtsbeh\u00f6rde, wenn Sie finden, dass wir Ihre Daten nicht ordnungsgem\u00e4\u00df verarbeiten. F\u00fcr unseren Verein ist der Vorstand zust\u00e4ndig. Wenn Sie sich in einem anderen Bundesland oder nicht in Deutschland aufhalten, k\u00f6nnen Sie sich aber auch an die dortige Datenschutzbeh\u00f6rde wenden.<\/li><\/ul><hr \/><p><em>Dieser Text wurde mit dem Generator f\u00fcr Datenschutzhinweise der <a href=\"https:\/\/stiftungdatenschutz.org\/ehrenamt\/generator-datenschutzhinweise\">Stiftung Datenschutz<\/a> erstellt.<\/em><\/p><\/div>\t\t\t\t\t\t\t\t<\/div>\n\t\t\t\t<\/div>\n\t\t\t\t\t<\/div>\n\t\t\t\t<\/div>\n\t\t\t\t<\/div>\n\t\t","protected":false},"excerpt":{"rendered":"<p>Datenschutzhinweise gem\u00e4\u00df Art. 13 DSGVO Verantwortliche Stelle Independent Hostels of Germany e.V.B\u00fcro Leipzig, Postfach 50 02 04, 04302 Leipzig Bei Fragen zum Datenschutz stehen wir Ihnen unter office@german-hostels.de oder unter der oben angegebenen postalischen Anschrift zur Verf\u00fcgung. Datenverarbeitung auf unserer Webseite und weiteren Online-Angeboten Logfiles beim Aufruf unserer Webseite Bei Aufruf unserer Webseite werden zur [&hellip;]<\/p>\n","protected":false},"author":1,"featured_media":0,"parent":0,"menu_order":0,"comment_status":"closed","ping_status":"closed","template":"elementor_canvas","meta":{"footnotes":""},"class_list":["post-158","page","type-page","status-publish","hentry"],"_links":{"self":[{"href":"https:\/\/german-hostels.de\/index.php?rest_route=\/wp\/v2\/pages\/158","targetHints":{"allow":["GET"]}}],"collection":[{"href":"https:\/\/german-hostels.de\/index.php?rest_route=\/wp\/v2\/pages"}],"about":[{"href":"https:\/\/german-hostels.de\/index.php?rest_route=\/wp\/v2\/types\/page"}],"author":[{"embeddable":true,"href":"https:\/\/german-hostels.de\/index.php?rest_route=\/wp\/v2\/users\/1"}],"replies":[{"embeddable":true,"href":"https:\/\/german-hostels.de\/index.php?rest_route=%2Fwp%2Fv2%2Fcomments&post=158"}],"version-history":[{"count":13,"href":"https:\/\/german-hostels.de\/index.php?rest_route=\/wp\/v2\/pages\/158\/revisions"}],"predecessor-version":[{"id":187,"href":"https:\/\/german-hostels.de\/index.php?rest_route=\/wp\/v2\/pages\/158\/revisions\/187"}],"wp:attachment":[{"href":"https:\/\/german-hostels.de\/index.php?rest_route=%2Fwp%2Fv2%2Fmedia&parent=158"}],"curies":[{"name":"wp","href":"https:\/\/api.w.org\/{rel}","templated":true}]}}