{"id":16,"date":"2024-06-06T13:03:20","date_gmt":"2024-06-06T13:03:20","guid":{"rendered":"https:\/\/german-hostels.de\/?page_id=16"},"modified":"2024-12-16T10:33:49","modified_gmt":"2024-12-16T10:33:49","slug":"independent-hostels-of-germany-e-v-2","status":"publish","type":"page","link":"https:\/\/german-hostels.de\/","title":{"rendered":"Startseite"},"content":{"rendered":"\t\t<div data-elementor-type=\"wp-page\" data-elementor-id=\"16\" class=\"elementor elementor-16\">\n\t\t\t\t<div class=\"elementor-element elementor-element-3e69966 e-con-full e-flex e-con e-parent\" data-id=\"3e69966\" data-element_type=\"container\">\n\t\t<div class=\"elementor-element elementor-element-0a9afb4 e-con-full e-flex e-con e-child\" data-id=\"0a9afb4\" data-element_type=\"container\">\n\t\t\t\t<div class=\"elementor-element elementor-element-3be6a7d elementor-widget elementor-widget-image\" data-id=\"3be6a7d\" data-element_type=\"widget\" data-widget_type=\"image.default\">\n\t\t\t\t<div class=\"elementor-widget-container\">\n\t\t\t\t\t\t\t\t\t\t\t\t\t\t\t<img decoding=\"async\" width=\"150\" height=\"133\" src=\"https:\/\/german-hostels.de\/wp-content\/uploads\/2024\/12\/BPN-Logo-RGB-Green-150px.png\" class=\"attachment-large size-large wp-image-301\" alt=\"\" \/>\t\t\t\t\t\t\t\t\t\t\t\t\t\t\t<\/div>\n\t\t\t\t<\/div>\n\t\t\t\t<\/div>\n\t\t<div class=\"elementor-element elementor-element-850f3e6 e-con-full e-flex e-con e-child\" data-id=\"850f3e6\" data-element_type=\"container\">\n\t\t\t\t<div class=\"elementor-element elementor-element-2bc7ae8 elementor-widget elementor-widget-heading\" data-id=\"2bc7ae8\" data-element_type=\"widget\" data-widget_type=\"heading.default\">\n\t\t\t\t<div class=\"elementor-widget-container\">\n\t\t\t\t\t<h2 class=\"elementor-heading-title elementor-size-default\">Willkommen bei den Independent Hostels of Germany e.V.<\/h2>\t\t\t\t<\/div>\n\t\t\t\t<\/div>\n\t\t\t\t<\/div>\n\t\t\t\t<\/div>\n\t\t<div class=\"elementor-element elementor-element-8961e47 e-con-full e-flex e-con e-parent\" data-id=\"8961e47\" data-element_type=\"container\">\n\t\t\t\t<div class=\"elementor-element elementor-element-6ab898c elementor-widget elementor-widget-text-editor\" data-id=\"6ab898c\" data-element_type=\"widget\" data-widget_type=\"text-editor.default\">\n\t\t\t\t<div class=\"elementor-widget-container\">\n\t\t\t\t\t\t\t\t\t<p>Auf diesen Seiten m\u00f6chten wir Euch die Independent Hostels of Germany e.V. vorstellen.<\/p><p>Ihr findet hier eine kleine Geschichte des Vereins, Informationen f\u00fcr Mitglieder und die, die es werden wollen, sowie nat\u00fcrlich eine Liste unserer Hostels mit Links zu den jeweiligen Homepages.<\/p><p>F\u00fcr Fragen zu uns und unseren Hostels schickt uns gerne eine Mail an <a href=\"mailto:office@german-hostels.de\">office@german-hostels.de<\/a> oder nehmt \u00fcber die Hostelliste direkt Kontakt zum jeweiligen Hostel auf.<\/p>\t\t\t\t\t\t\t\t<\/div>\n\t\t\t\t<\/div>\n\t\t\t\t<\/div>\n\t\t<div class=\"elementor-element elementor-element-105d0bc e-flex e-con-boxed e-con e-parent\" data-id=\"105d0bc\" data-element_type=\"container\">\n\t\t\t\t\t<div class=\"e-con-inner\">\n\t\t\t\t<div class=\"elementor-element elementor-element-8e53aba elementor-widget elementor-widget-text-editor\" data-id=\"8e53aba\" data-element_type=\"widget\" data-widget_type=\"text-editor.default\">\n\t\t\t\t<div class=\"elementor-widget-container\">\n\t\t\t\t\t\t\t\t\t<p>Hier findet Ihr eine aktuelle Liste unserer Hostels, von Husum bis Freiburg und von D\u00fcsseldorf bis Dresden. Alle individuell gef\u00fchrt und jedes auf seine Art besonders.<\/p><p>Click here for a list of our hostels all over Germany, from Husum in the North to Freiburg in the South, from D\u00fcsseldorf in the West to Dresden in the East.<\/p>\t\t\t\t\t\t\t\t<\/div>\n\t\t\t\t<\/div>\n\t\t\t\t\t<\/div>\n\t\t\t\t<\/div>\n\t\t<div class=\"elementor-element elementor-element-132fada e-flex e-con-boxed e-con e-parent\" data-id=\"132fada\" data-element_type=\"container\">\n\t\t\t\t\t<div class=\"e-con-inner\">\n\t\t\t\t<div class=\"elementor-element elementor-element-2d68cce elementor-align-center elementor-widget__width-initial elementor-widget elementor-widget-button\" data-id=\"2d68cce\" data-element_type=\"widget\" data-widget_type=\"button.default\">\n\t\t\t\t<div class=\"elementor-widget-container\">\n\t\t\t\t\t\t\t\t\t<div class=\"elementor-button-wrapper\">\n\t\t\t\t\t<a class=\"elementor-button elementor-button-link elementor-size-sm\" href=\"https:\/\/german-hostels.de\/?page_id=101\">\n\t\t\t\t\t\t<span class=\"elementor-button-content-wrapper\">\n\t\t\t\t\t\t\t\t\t<span class=\"elementor-button-text\">Find a hostel<\/span>\n\t\t\t\t\t<\/span>\n\t\t\t\t\t<\/a>\n\t\t\t\t<\/div>\n\t\t\t\t\t\t\t\t<\/div>\n\t\t\t\t<\/div>\n\t\t\t\t\t<\/div>\n\t\t\t\t<\/div>\n\t\t\t\t<\/div>\n\t\t","protected":false},"excerpt":{"rendered":"<p>Willkommen bei den Independent Hostels of Germany e.V. Auf diesen Seiten m\u00f6chten wir Euch die Independent Hostels of Germany e.V. vorstellen. Ihr findet hier eine kleine Geschichte des Vereins, Informationen f\u00fcr Mitglieder und die, die es werden wollen, sowie nat\u00fcrlich eine Liste unserer Hostels mit Links zu den jeweiligen Homepages. F\u00fcr Fragen zu uns und [&hellip;]<\/p>\n","protected":false},"author":1,"featured_media":0,"parent":0,"menu_order":0,"comment_status":"closed","ping_status":"closed","template":"elementor_canvas","meta":{"footnotes":""},"class_list":["post-16","page","type-page","status-publish","hentry"],"_links":{"self":[{"href":"https:\/\/german-hostels.de\/index.php?rest_route=\/wp\/v2\/pages\/16","targetHints":{"allow":["GET"]}}],"collection":[{"href":"https:\/\/german-hostels.de\/index.php?rest_route=\/wp\/v2\/pages"}],"about":[{"href":"https:\/\/german-hostels.de\/index.php?rest_route=\/wp\/v2\/types\/page"}],"author":[{"embeddable":true,"href":"https:\/\/german-hostels.de\/index.php?rest_route=\/wp\/v2\/users\/1"}],"replies":[{"embeddable":true,"href":"https:\/\/german-hostels.de\/index.php?rest_route=%2Fwp%2Fv2%2Fcomments&post=16"}],"version-history":[{"count":36,"href":"https:\/\/german-hostels.de\/index.php?rest_route=\/wp\/v2\/pages\/16\/revisions"}],"predecessor-version":[{"id":336,"href":"https:\/\/german-hostels.de\/index.php?rest_route=\/wp\/v2\/pages\/16\/revisions\/336"}],"wp:attachment":[{"href":"https:\/\/german-hostels.de\/index.php?rest_route=%2Fwp%2Fv2%2Fmedia&parent=16"}],"curies":[{"name":"wp","href":"https:\/\/api.w.org\/{rel}","templated":true}]}}